{"id":25,"date":"2024-02-18T20:13:30","date_gmt":"2024-02-18T20:13:30","guid":{"rendered":"https:\/\/xn--sina-schnbrunn-2pb.de\/?page_id=25"},"modified":"2024-09-03T09:16:26","modified_gmt":"2024-09-03T08:16:26","slug":"das-bin-ich","status":"publish","type":"page","link":"https:\/\/xn--sina-schnbrunn-2pb.de\/index.php\/das-bin-ich\/","title":{"rendered":"Das bin ich, Sina Sch\u00f6nbrunn"},"content":{"rendered":"\n<div class=\"wp-block-group alignfull has-base-background-color has-background\" style=\"margin-top:0;margin-bottom:0;padding-top:var(--wp--preset--spacing--50);padding-right:var(--wp--preset--spacing--50);padding-bottom:var(--wp--preset--spacing--50);padding-left:var(--wp--preset--spacing--50)\"><div class=\"wp-block-group__inner-container is-layout-constrained wp-container-core-group-is-layout-2bafd31c wp-block-group-is-layout-constrained\">\n<div class=\"wp-block-columns alignwide is-layout-flex wp-container-core-columns-is-layout-4d397ad4 wp-block-columns-is-layout-flex\">\n<div class=\"wp-block-column is-vertically-aligned-stretch is-layout-flow wp-block-column-is-layout-flow\" style=\"flex-basis:50%\">\n<div class=\"wp-block-group is-vertical is-content-justification-stretch is-layout-flex wp-container-core-group-is-layout-d9786264 wp-block-group-is-layout-flex\" style=\"min-height:100%\">\n<p class=\"has-heading-font-family has-x-large-font-size\" style=\"line-height:1.2\">Hallo! Mein Name ist Sina Sch\u00f6nbrunn und ich freue mich, euch ein wenig \u00fcber mich zu erz\u00e4hlen. Ich wohne in Seelow und bin SPD-Landtagskandidatin f\u00fcr den Wahlkreis M\u00e4rkisch-Oderland IV zur Landtagswahl in Brandenburg im Jahr 2024.<\/p>\n\n\n\n<div class=\"wp-block-group is-content-justification-left\"><div class=\"wp-block-group__inner-container is-layout-constrained wp-container-core-group-is-layout-ebdfa9d7 wp-block-group-is-layout-constrained\">\n<p class=\"wp-container-content-0733e5d0\">Hier erz\u00e4hle ich Ihnen von mir pers\u00f6nlich. Informationen zu meinen politischen Zielen und Schwerpunkten<\/p>\n\n\n\n<div class=\"wp-block-buttons is-layout-flex wp-block-buttons-is-layout-flex\">\n<div class=\"wp-block-button\"><a class=\"wp-block-button__link wp-element-button\" href=\"https:\/\/sina-sch\u00f6nbrunn.de\/index.php\/das-sind-meine-ziele\/\" target=\"_blank\" rel=\"noopener\">Finden Sie hier<\/a><\/div>\n<\/div>\n<\/div><\/div>\n<\/div>\n<\/div>\n\n\n\n<div class=\"wp-block-column is-vertically-aligned-center is-layout-flow wp-block-column-is-layout-flow\" style=\"flex-basis:50%\">\n<figure class=\"wp-block-image size-large is-style-rounded\"><img loading=\"lazy\" decoding=\"async\" width=\"683\" height=\"1024\" src=\"https:\/\/xn--sina-schnbrunn-2pb.de\/wp-content\/uploads\/2024\/09\/BenGross_PolitikReportage_2024_OlafScholz_Seelow_087-683x1024.jpg\" alt=\"\" class=\"wp-image-198\" style=\"aspect-ratio:3\/4;object-fit:cover\" srcset=\"https:\/\/xn--sina-schnbrunn-2pb.de\/wp-content\/uploads\/2024\/09\/BenGross_PolitikReportage_2024_OlafScholz_Seelow_087-683x1024.jpg 683w, https:\/\/xn--sina-schnbrunn-2pb.de\/wp-content\/uploads\/2024\/09\/BenGross_PolitikReportage_2024_OlafScholz_Seelow_087-200x300.jpg 200w, https:\/\/xn--sina-schnbrunn-2pb.de\/wp-content\/uploads\/2024\/09\/BenGross_PolitikReportage_2024_OlafScholz_Seelow_087-768x1152.jpg 768w, https:\/\/xn--sina-schnbrunn-2pb.de\/wp-content\/uploads\/2024\/09\/BenGross_PolitikReportage_2024_OlafScholz_Seelow_087-1024x1536.jpg 1024w, https:\/\/xn--sina-schnbrunn-2pb.de\/wp-content\/uploads\/2024\/09\/BenGross_PolitikReportage_2024_OlafScholz_Seelow_087-1366x2048.jpg 1366w, https:\/\/xn--sina-schnbrunn-2pb.de\/wp-content\/uploads\/2024\/09\/BenGross_PolitikReportage_2024_OlafScholz_Seelow_087-scaled.jpg 1707w\" sizes=\"auto, (max-width: 683px) 100vw, 683px\" \/><\/figure>\n<\/div>\n<\/div>\n<\/div><\/div>\n\n\n\n<div class=\"wp-block-group alignfull has-base-background-color has-background\" style=\"margin-top:0;margin-bottom:0;padding-top:var(--wp--preset--spacing--50);padding-right:var(--wp--preset--spacing--50);padding-bottom:var(--wp--preset--spacing--50);padding-left:var(--wp--preset--spacing--50)\"><div class=\"wp-block-group__inner-container is-layout-constrained wp-container-core-group-is-layout-9cf8f26d wp-block-group-is-layout-constrained\">\n<div class=\"wp-block-columns alignwide is-layout-flex wp-container-core-columns-is-layout-1a7dd963 wp-block-columns-is-layout-flex\">\n<div class=\"wp-block-column is-layout-flow wp-block-column-is-layout-flow\" style=\"flex-basis:60%\">\n<div class=\"wp-block-columns is-layout-flex wp-container-core-columns-is-layout-b0e66f64 wp-block-columns-is-layout-flex\"><\/div>\n<\/div>\n<\/div>\n\n\n\n<h2 class=\"wp-block-heading\">Mein Lebensmotto lautet: \u201eNicht meckern \u2013 machen!\u201c Diese Einstellung pr\u00e4gt mein Leben und meine Arbeit. Ich m\u00f6chte meine Heimat mit Engagement und frischen Ideen vertreten. F\u00fcr mich bedeutet ein gutes Leben auf dem Land zuverl\u00e4ssige und schnelle Verkehrsverbindungen, faire Mieten, gute Bildung f\u00fcr unsere Kinder, den Ausbau der Digitalisierung, eine leistungsf\u00e4hige Verwaltung und ein kraftvolles Eintreten f\u00fcr unsere Landwirtschaft.<\/h2>\n\n\n\n<p class=\"has-large-font-size\">Ich bin fest in der Region verwurzelt und bekannt. Seit 2014 bin ich Mitglied der SPD und engagiere mich auf kommunal- und kreispolitischer Ebene vor allem f\u00fcr die Themen Bildung, Soziales, Landwirtschaft und verkehrliche Infrastruktur. Mein \u00fcbergreifendes Herzensprojekt ist die Zukunft unserer Demokratie und die fr\u00fchzeitige Einbeziehung aller B\u00fcrgerinnen und B\u00fcrger in politische Prozesse und Entscheidungen.<\/p>\n\n\n\n<p class=\"has-large-font-size\">Nun ein paar private Worte: Ich bin seit 2002 mit meinem Mann Ren\u00e9, einem Bundespolizisten, verheiratet. Wir haben eine 19-j\u00e4hrige Tochter und leben in Seelow mit Hund und Katze. Nach meinem Abitur habe ich den Beruf der B\u00fcrokauffrau erlernt und in einer Steuerberatungssoziet\u00e4t gearbeitet. Als mein Stiefvater krank wurde, bin ich in den elterlichen Betrieb, eine Landwirtschaft mit Fleischerei, eingestiegen. Seit 2014 unterst\u00fctze ich die damalige Landtags- und heutige Bundestagsabgeordnete Simona Ko\u00df. B\u00fcro \u2013 Betrieb \u2013 Politik \u2013 ich f\u00fchle mich gut ger\u00fcstet f\u00fcr die Arbeit im Landtag in Potsdam und bitte daher um Ihre Unterst\u00fctzung.<\/p>\n\n\n\n<p class=\"has-large-font-size\">In meiner Freizeit liebe ich es, kreativ zu sein. Ob Malen, Schreiben oder Musik machen \u2013 ich finde immer einen Weg, meine Gedanken und Gef\u00fchle auszudr\u00fccken. Au\u00dferdem bin ich ein gro\u00dfer Naturfreund und genie\u00dfe es, Zeit im Freien zu verbringen, sei es beim Wandern, Radfahren oder einfach nur beim Spazierengehen in unser landschaftlich sch\u00f6nen Region.<\/p>\n\n\n\n<p class=\"has-large-font-size\">Ich bin ein sehr geselliger Mensch und liebe es, Zeit mit Freunden und Familie zu verbringen. Gemeinsame Abende mit gutem Essen und anregenden Gespr\u00e4chen sind f\u00fcr mich die besten Momente.<\/p>\n<\/div><\/div>\n\n\n\n<div class=\"wp-block-group alignfull has-accent-5-background-color has-background\" style=\"margin-top:0;margin-bottom:0;padding-top:var(--wp--preset--spacing--50);padding-right:var(--wp--preset--spacing--50);padding-bottom:var(--wp--preset--spacing--50);padding-left:var(--wp--preset--spacing--50)\"><div class=\"wp-block-group__inner-container is-layout-constrained wp-container-core-group-is-layout-9cf8f26d wp-block-group-is-layout-constrained\">\n<div class=\"wp-block-columns alignwide is-layout-flex wp-container-core-columns-is-layout-4d397ad4 wp-block-columns-is-layout-flex\">\n<div class=\"wp-block-column is-vertically-aligned-center is-layout-flow wp-block-column-is-layout-flow\" style=\"flex-basis:60%\">\n<figure class=\"wp-block-image size-full is-style-rounded wp-duotone-varpresetduotoneduotone-1-1\"><img loading=\"lazy\" decoding=\"async\" width=\"2560\" height=\"1707\" src=\"https:\/\/xn--sina-schnbrunn-2pb.de\/wp-content\/uploads\/2024\/09\/BenGross_Portrait_Sina_001-scaled.jpg\" alt=\"\" class=\"wp-image-210\" style=\"aspect-ratio:4\/3;object-fit:cover\" srcset=\"https:\/\/xn--sina-schnbrunn-2pb.de\/wp-content\/uploads\/2024\/09\/BenGross_Portrait_Sina_001-scaled.jpg 2560w, https:\/\/xn--sina-schnbrunn-2pb.de\/wp-content\/uploads\/2024\/09\/BenGross_Portrait_Sina_001-300x200.jpg 300w, https:\/\/xn--sina-schnbrunn-2pb.de\/wp-content\/uploads\/2024\/09\/BenGross_Portrait_Sina_001-1024x683.jpg 1024w, https:\/\/xn--sina-schnbrunn-2pb.de\/wp-content\/uploads\/2024\/09\/BenGross_Portrait_Sina_001-768x512.jpg 768w, https:\/\/xn--sina-schnbrunn-2pb.de\/wp-content\/uploads\/2024\/09\/BenGross_Portrait_Sina_001-1536x1024.jpg 1536w, https:\/\/xn--sina-schnbrunn-2pb.de\/wp-content\/uploads\/2024\/09\/BenGross_Portrait_Sina_001-2048x1365.jpg 2048w\" sizes=\"auto, (max-width: 2560px) 100vw, 2560px\" \/><\/figure>\n<\/div>\n\n\n\n<div class=\"wp-block-column is-layout-flow wp-block-column-is-layout-flow\" style=\"flex-basis:40%\">\n<h3 class=\"wp-block-heading\">Das bin ich in K\u00fcrze \u2013 eine engagierte, naturverbundene und kommunikative Person, die das Leben in vollen Z\u00fcgen genie\u00dft und sich f\u00fcr ihre Heimat einsetzt.<\/h3>\n\n\n\n<p><\/p>\n\n\n\n<div class=\"wp-block-buttons is-layout-flex wp-block-buttons-is-layout-flex\"><\/div>\n<\/div>\n<\/div>\n<\/div><\/div>\n\n\n\n<div class=\"wp-block-group alignfull\" style=\"margin-top:0;margin-bottom:0;padding-top:var(--wp--preset--spacing--50);padding-right:var(--wp--preset--spacing--50);padding-bottom:var(--wp--preset--spacing--50);padding-left:var(--wp--preset--spacing--50)\"><div class=\"wp-block-group__inner-container is-layout-constrained wp-container-core-group-is-layout-9cf8f26d wp-block-group-is-layout-constrained\"><\/div><\/div>\n","protected":false},"excerpt":{"rendered":"<p>Hallo! Mein Name ist Sina Sch\u00f6nbrunn und ich freue mich, euch ein wenig \u00fcber mich zu erz\u00e4hlen. Ich wohne in Seelow und bin SPD-Landtagskandidatin f\u00fcr den Wahlkreis M\u00e4rkisch-Oderland IV zur &#8230;<\/p>\n","protected":false},"author":1,"featured_media":0,"parent":0,"menu_order":0,"comment_status":"closed","ping_status":"closed","template":"","meta":{"footnotes":""},"class_list":["post-25","page","type-page","status-publish","hentry"],"publishpress_future_action":{"enabled":false,"date":"2026-05-08 01:10:21","action":"change-status","newStatus":"draft","terms":[],"taxonomy":"","extraData":[]},"publishpress_future_workflow_manual_trigger":{"enabledWorkflows":[]},"_links":{"self":[{"href":"https:\/\/xn--sina-schnbrunn-2pb.de\/index.php\/wp-json\/wp\/v2\/pages\/25","targetHints":{"allow":["GET"]}}],"collection":[{"href":"https:\/\/xn--sina-schnbrunn-2pb.de\/index.php\/wp-json\/wp\/v2\/pages"}],"about":[{"href":"https:\/\/xn--sina-schnbrunn-2pb.de\/index.php\/wp-json\/wp\/v2\/types\/page"}],"author":[{"embeddable":true,"href":"https:\/\/xn--sina-schnbrunn-2pb.de\/index.php\/wp-json\/wp\/v2\/users\/1"}],"replies":[{"embeddable":true,"href":"https:\/\/xn--sina-schnbrunn-2pb.de\/index.php\/wp-json\/wp\/v2\/comments?post=25"}],"version-history":[{"count":19,"href":"https:\/\/xn--sina-schnbrunn-2pb.de\/index.php\/wp-json\/wp\/v2\/pages\/25\/revisions"}],"predecessor-version":[{"id":225,"href":"https:\/\/xn--sina-schnbrunn-2pb.de\/index.php\/wp-json\/wp\/v2\/pages\/25\/revisions\/225"}],"wp:attachment":[{"href":"https:\/\/xn--sina-schnbrunn-2pb.de\/index.php\/wp-json\/wp\/v2\/media?parent=25"}],"curies":[{"name":"wp","href":"https:\/\/api.w.org\/{rel}","templated":true}]}}

Das bin ich, Sina Schönbrunn

<div class="wp-block-group alignfull has-base-background-color has-background" style="margin-top:0;margin-bottom:0;padding-top:var(--wp--preset--spacing--50);padding-right:var(--wp--preset--spacing--50);padding-bottom:var(--wp--preset--spacing--50);padding-left:var(--wp--preset--spacing--50)"><div class="wp-block-group__inner-container is-layout-constrained wp-container-core-group-is-layout-2bafd31c wp-block-group-is-layout-constrained">
<div class="wp-block-columns alignwide is-layout-flex wp-container-core-columns-is-layout-4d397ad4 wp-block-columns-is-layout-flex">
<div class="wp-block-column is-vertically-aligned-stretch is-layout-flow wp-block-column-is-layout-flow" style="flex-basis:50%">
<div class="wp-block-group is-vertical is-content-justification-stretch is-layout-flex wp-container-core-group-is-layout-d9786264 wp-block-group-is-layout-flex" style="min-height:100%">
<p class="has-heading-font-family has-x-large-font-size" style="line-height:1.2">Hallo! Mein Name ist Sina Schönbrunn und ich freue mich, euch ein wenig über mich zu erzählen. Ich wohne in Seelow und bin SPD-Landtagskandidatin für den Wahlkreis Märkisch-Oderland IV zur Landtagswahl in Brandenburg im Jahr 2024.</p>



<div class="wp-block-group is-content-justification-left"><div class="wp-block-group__inner-container is-layout-constrained wp-container-core-group-is-layout-ebdfa9d7 wp-block-group-is-layout-constrained">
<p class="wp-container-content-0733e5d0">Hier erzähle ich Ihnen von mir persönlich. Informationen zu meinen politischen Zielen und Schwerpunkten</p>



<div class="wp-block-buttons is-layout-flex wp-block-buttons-is-layout-flex">
<div class="wp-block-button"><a class="wp-block-button__link wp-element-button" href="https://sina-schönbrunn.de/index.php/das-sind-meine-ziele/" target="_blank" rel="noopener">Finden Sie hier</a></div>
</div>
</div></div>
</div>
</div>



<div class="wp-block-column is-vertically-aligned-center is-layout-flow wp-block-column-is-layout-flow" style="flex-basis:50%">
<figure class="wp-block-image size-large is-style-rounded"><img loading="lazy" decoding="async" width="683" height="1024" src="https://xn--sina-schnbrunn-2pb.de/wp-content/uploads/2024/09/BenGross_PolitikReportage_2024_OlafScholz_Seelow_087-683x1024.jpg" alt="" class="wp-image-198" style="aspect-ratio:3/4;object-fit:cover" srcset="https://xn--sina-schnbrunn-2pb.de/wp-content/uploads/2024/09/BenGross_PolitikReportage_2024_OlafScholz_Seelow_087-683x1024.jpg 683w, https://xn--sina-schnbrunn-2pb.de/wp-content/uploads/2024/09/BenGross_PolitikReportage_2024_OlafScholz_Seelow_087-200x300.jpg 200w, https://xn--sina-schnbrunn-2pb.de/wp-content/uploads/2024/09/BenGross_PolitikReportage_2024_OlafScholz_Seelow_087-768x1152.jpg 768w, https://xn--sina-schnbrunn-2pb.de/wp-content/uploads/2024/09/BenGross_PolitikReportage_2024_OlafScholz_Seelow_087-1024x1536.jpg 1024w, https://xn--sina-schnbrunn-2pb.de/wp-content/uploads/2024/09/BenGross_PolitikReportage_2024_OlafScholz_Seelow_087-1366x2048.jpg 1366w, https://xn--sina-schnbrunn-2pb.de/wp-content/uploads/2024/09/BenGross_PolitikReportage_2024_OlafScholz_Seelow_087-scaled.jpg 1707w" sizes="auto, (max-width: 683px) 100vw, 683px" /></figure>
</div>
</div>
</div></div>



<div class="wp-block-group alignfull has-base-background-color has-background" style="margin-top:0;margin-bottom:0;padding-top:var(--wp--preset--spacing--50);padding-right:var(--wp--preset--spacing--50);padding-bottom:var(--wp--preset--spacing--50);padding-left:var(--wp--preset--spacing--50)"><div class="wp-block-group__inner-container is-layout-constrained wp-container-core-group-is-layout-9cf8f26d wp-block-group-is-layout-constrained">
<div class="wp-block-columns alignwide is-layout-flex wp-container-core-columns-is-layout-1a7dd963 wp-block-columns-is-layout-flex">
<div class="wp-block-column is-layout-flow wp-block-column-is-layout-flow" style="flex-basis:60%">
<div class="wp-block-columns is-layout-flex wp-container-core-columns-is-layout-b0e66f64 wp-block-columns-is-layout-flex"></div>
</div>
</div>



<h2 class="wp-block-heading">Mein Lebensmotto lautet: „Nicht meckern – machen!“ Diese Einstellung prägt mein Leben und meine Arbeit. Ich möchte meine Heimat mit Engagement und frischen Ideen vertreten. Für mich bedeutet ein gutes Leben auf dem Land zuverlässige und schnelle Verkehrsverbindungen, faire Mieten, gute Bildung für unsere Kinder, den Ausbau der Digitalisierung, eine leistungsfähige Verwaltung und ein kraftvolles Eintreten für unsere Landwirtschaft.</h2>



<p class="has-large-font-size">Ich bin fest in der Region verwurzelt und bekannt. Seit 2014 bin ich Mitglied der SPD und engagiere mich auf kommunal- und kreispolitischer Ebene vor allem für die Themen Bildung, Soziales, Landwirtschaft und verkehrliche Infrastruktur. Mein übergreifendes Herzensprojekt ist die Zukunft unserer Demokratie und die frühzeitige Einbeziehung aller Bürgerinnen und Bürger in politische Prozesse und Entscheidungen.</p>



<p class="has-large-font-size">Nun ein paar private Worte: Ich bin seit 2002 mit meinem Mann René, einem Bundespolizisten, verheiratet. Wir haben eine 19-jährige Tochter und leben in Seelow mit Hund und Katze. Nach meinem Abitur habe ich den Beruf der Bürokauffrau erlernt und in einer Steuerberatungssozietät gearbeitet. Als mein Stiefvater krank wurde, bin ich in den elterlichen Betrieb, eine Landwirtschaft mit Fleischerei, eingestiegen. Seit 2014 unterstütze ich die damalige Landtags- und heutige Bundestagsabgeordnete Simona Koß. Büro – Betrieb – Politik – ich fühle mich gut gerüstet für die Arbeit im Landtag in Potsdam und bitte daher um Ihre Unterstützung.</p>



<p class="has-large-font-size">In meiner Freizeit liebe ich es, kreativ zu sein. Ob Malen, Schreiben oder Musik machen – ich finde immer einen Weg, meine Gedanken und Gefühle auszudrücken. Außerdem bin ich ein großer Naturfreund und genieße es, Zeit im Freien zu verbringen, sei es beim Wandern, Radfahren oder einfach nur beim Spazierengehen in unser landschaftlich schönen Region.</p>



<p class="has-large-font-size">Ich bin ein sehr geselliger Mensch und liebe es, Zeit mit Freunden und Familie zu verbringen. Gemeinsame Abende mit gutem Essen und anregenden Gesprächen sind für mich die besten Momente.</p>
</div></div>



<div class="wp-block-group alignfull has-accent-5-background-color has-background" style="margin-top:0;margin-bottom:0;padding-top:var(--wp--preset--spacing--50);padding-right:var(--wp--preset--spacing--50);padding-bottom:var(--wp--preset--spacing--50);padding-left:var(--wp--preset--spacing--50)"><div class="wp-block-group__inner-container is-layout-constrained wp-container-core-group-is-layout-9cf8f26d wp-block-group-is-layout-constrained">
<div class="wp-block-columns alignwide is-layout-flex wp-container-core-columns-is-layout-4d397ad4 wp-block-columns-is-layout-flex">
<div class="wp-block-column is-vertically-aligned-center is-layout-flow wp-block-column-is-layout-flow" style="flex-basis:60%">
<figure class="wp-block-image size-full is-style-rounded wp-duotone-varpresetduotoneduotone-1-1"><img loading="lazy" decoding="async" width="2560" height="1707" src="https://xn--sina-schnbrunn-2pb.de/wp-content/uploads/2024/09/BenGross_Portrait_Sina_001-scaled.jpg" alt="" class="wp-image-210" style="aspect-ratio:4/3;object-fit:cover" srcset="https://xn--sina-schnbrunn-2pb.de/wp-content/uploads/2024/09/BenGross_Portrait_Sina_001-scaled.jpg 2560w, https://xn--sina-schnbrunn-2pb.de/wp-content/uploads/2024/09/BenGross_Portrait_Sina_001-300x200.jpg 300w, https://xn--sina-schnbrunn-2pb.de/wp-content/uploads/2024/09/BenGross_Portrait_Sina_001-1024x683.jpg 1024w, https://xn--sina-schnbrunn-2pb.de/wp-content/uploads/2024/09/BenGross_Portrait_Sina_001-768x512.jpg 768w, https://xn--sina-schnbrunn-2pb.de/wp-content/uploads/2024/09/BenGross_Portrait_Sina_001-1536x1024.jpg 1536w, https://xn--sina-schnbrunn-2pb.de/wp-content/uploads/2024/09/BenGross_Portrait_Sina_001-2048x1365.jpg 2048w" sizes="auto, (max-width: 2560px) 100vw, 2560px" /></figure>
</div>



<div class="wp-block-column is-layout-flow wp-block-column-is-layout-flow" style="flex-basis:40%">
<h3 class="wp-block-heading">Das bin ich in Kürze – eine engagierte, naturverbundene und kommunikative Person, die das Leben in vollen Zügen genießt und sich für ihre Heimat einsetzt.</h3>



<p></p>



<div class="wp-block-buttons is-layout-flex wp-block-buttons-is-layout-flex"></div>
</div>
</div>
</div></div>



<div class="wp-block-group alignfull" style="margin-top:0;margin-bottom:0;padding-top:var(--wp--preset--spacing--50);padding-right:var(--wp--preset--spacing--50);padding-bottom:var(--wp--preset--spacing--50);padding-left:var(--wp--preset--spacing--50)"><div class="wp-block-group__inner-container is-layout-constrained wp-container-core-group-is-layout-9cf8f26d wp-block-group-is-layout-constrained"></div></div>

<p>Hallo! Mein Name ist Sina Schönbrunn und ich freue mich, euch ein wenig über mich zu erzählen. Ich wohne in Seelow und bin SPD-Landtagskandidatin für den Wahlkreis Märkisch-Oderland IV zur &#8230;</p>
